{"id":39,"date":"2023-05-04T16:14:28","date_gmt":"2023-05-04T16:14:28","guid":{"rendered":"https:\/\/gawedziarka.pl\/?page_id=39"},"modified":"2023-09-17T05:13:28","modified_gmt":"2023-09-17T05:13:28","slug":"kontakt","status":"publish","type":"page","link":"https:\/\/gawedziarka.pl\/?page_id=39","title":{"rendered":"Kontakt"},"content":{"rendered":"\n<p>Je\u017celi chcia\u0142aby\u015b \/ chcia\u0142by\u015b podzieli\u0107 si\u0119 tym, jak wp\u0142yn\u0119\u0142a na Ciebie przeczytana tu historia, zapraszam do kontaktu.<\/p>\n\n\n\n<p>Je\u017celi potrzebujesz o co\u015b dopyta\u0107 lub zasugerowa\u0107, pisz \u015bmia\u0142o. Jestem otwarta na Twoj\u0105 wiadomo\u015b\u0107.<\/p>\n\n\n\n<p class=\"has-black-color has-text-color\"><\/p>\n\n\n\n<p class=\"has-text-align-center has-black-color has-text-color has-small-font-size\">M\u00f3j adres email: <a rel=\"noreferrer noopener\" href=\"mailto:bajki@gawedziarka.pl\" target=\"_blank\">bajki@gawedziarka.pl<\/a><\/p>\n\n\n\n<p class=\"has-text-align-center has-black-color has-text-color has-small-font-size\">Znajd\u017a mnie na Facebooku &#8211; <a href=\"https:\/\/www.facebook.com\/gawedziarka\/\">https:\/\/www.facebook.com\/gawedziarka\/<\/a><\/p>\n\n\n\n<p class=\"has-text-align-center has-black-color has-text-color has-small-font-size\"><\/p>\n\n\n\n<p class=\"has-small-font-size\"><\/p>\n","protected":false},"excerpt":{"rendered":"<p>Je\u017celi chcia\u0142aby\u015b \/ chcia\u0142by\u015b podzieli\u0107 si\u0119 tym, jak wp\u0142yn\u0119\u0142a na Ciebie przeczytana tu historia, zapraszam do kontaktu. Je\u017celi potrzebujesz o co\u015b dopyta\u0107 lub zasugerowa\u0107, pisz \u015bmia\u0142o. Jestem otwarta na Twoj\u0105 wiadomo\u015b\u0107. M\u00f3j adres email: bajki@gawedziarka.pl Znajd\u017a mnie na Facebooku &#8211; [&hellip;]<\/p>\n","protected":false},"author":1,"featured_media":0,"parent":2,"menu_order":0,"comment_status":"closed","ping_status":"closed","template":"","meta":{"footnotes":""},"class_list":["post-39","page","type-page","status-publish","hentry","bwp-masonry-item","bwp-col-3","bwp-post-has-title"],"_links":{"self":[{"href":"https:\/\/gawedziarka.pl\/index.php?rest_route=\/wp\/v2\/pages\/39","targetHints":{"allow":["GET"]}}],"collection":[{"href":"https:\/\/gawedziarka.pl\/index.php?rest_route=\/wp\/v2\/pages"}],"about":[{"href":"https:\/\/gawedziarka.pl\/index.php?rest_route=\/wp\/v2\/types\/page"}],"author":[{"embeddable":true,"href":"https:\/\/gawedziarka.pl\/index.php?rest_route=\/wp\/v2\/users\/1"}],"replies":[{"embeddable":true,"href":"https:\/\/gawedziarka.pl\/index.php?rest_route=%2Fwp%2Fv2%2Fcomments&post=39"}],"version-history":[{"count":7,"href":"https:\/\/gawedziarka.pl\/index.php?rest_route=\/wp\/v2\/pages\/39\/revisions"}],"predecessor-version":[{"id":154,"href":"https:\/\/gawedziarka.pl\/index.php?rest_route=\/wp\/v2\/pages\/39\/revisions\/154"}],"up":[{"embeddable":true,"href":"https:\/\/gawedziarka.pl\/index.php?rest_route=\/wp\/v2\/pages\/2"}],"wp:attachment":[{"href":"https:\/\/gawedziarka.pl\/index.php?rest_route=%2Fwp%2Fv2%2Fmedia&parent=39"}],"curies":[{"name":"wp","href":"https:\/\/api.w.org\/{rel}","templated":true}]}}